{"id":175,"date":"2024-04-30T15:46:45","date_gmt":"2024-04-30T18:46:45","guid":{"rendered":"https:\/\/igarapeepis.com.br\/site\/?page_id=175"},"modified":"2024-05-02T13:41:13","modified_gmt":"2024-05-02T16:41:13","slug":"epis","status":"publish","type":"page","link":"https:\/\/igarapeepis.com.br\/site\/epis\/","title":{"rendered":"EPIs"},"content":{"rendered":"\t\t<div data-elementor-type=\"wp-page\" data-elementor-id=\"175\" class=\"elementor elementor-175\" data-elementor-post-type=\"page\">\n\t\t\t\t<div class=\"elementor-element elementor-element-e1a5d52 e-con-full e-flex e-con e-parent\" data-id=\"e1a5d52\" data-element_type=\"container\">\n\t\t<div class=\"elementor-element elementor-element-7674527c e-con-full e-flex e-con e-child\" data-id=\"7674527c\" data-element_type=\"container\" data-settings=\"{&quot;background_background&quot;:&quot;classic&quot;}\">\n\t\t\t\t<div class=\"elementor-element elementor-element-14274146 elementor-widget__width-inherit elementor-invisible elementor-widget elementor-widget-heading\" data-id=\"14274146\" data-element_type=\"widget\" data-settings=\"{&quot;_animation&quot;:&quot;fadeInUp&quot;}\" data-widget_type=\"heading.default\">\n\t\t\t\t<div class=\"elementor-widget-container\">\n\t\t\t\t\t<h2 class=\"elementor-heading-title elementor-size-default\">EPIs<\/h2>\t\t\t\t<\/div>\n\t\t\t\t<\/div>\n\t\t\t\t<div class=\"elementor-element elementor-element-552a2094 elementor-icon-list--layout-inline elementor-align-center elementor-list-item-link-full_width elementor-invisible elementor-widget elementor-widget-icon-list\" data-id=\"552a2094\" data-element_type=\"widget\" data-settings=\"{&quot;_animation&quot;:&quot;fadeInUp&quot;,&quot;_animation_delay&quot;:200}\" data-widget_type=\"icon-list.default\">\n\t\t\t\t<div class=\"elementor-widget-container\">\n\t\t\t\t\t\t\t<ul class=\"elementor-icon-list-items elementor-inline-items\">\n\t\t\t\t\t\t\t<li class=\"elementor-icon-list-item elementor-inline-item\">\n\t\t\t\t\t\t\t\t\t\t\t<a href=\"#\">\n\n\t\t\t\t\t\t\t\t\t\t\t<span class=\"elementor-icon-list-text\">Home<\/span>\n\t\t\t\t\t\t\t\t\t\t\t<\/a>\n\t\t\t\t\t\t\t\t\t<\/li>\n\t\t\t\t\t\t\t\t<li class=\"elementor-icon-list-item elementor-inline-item\">\n\t\t\t\t\t\t\t\t\t\t\t<a href=\"#\">\n\n\t\t\t\t\t\t\t\t\t\t\t\t<span class=\"elementor-icon-list-icon\">\n\t\t\t\t\t\t\t<i aria-hidden=\"true\" class=\"icon icon-right-arrow\"><\/i>\t\t\t\t\t\t<\/span>\n\t\t\t\t\t\t\t\t\t\t<span class=\"elementor-icon-list-text\">EPIs<\/span>\n\t\t\t\t\t\t\t\t\t\t\t<\/a>\n\t\t\t\t\t\t\t\t\t<\/li>\n\t\t\t\t\t\t<\/ul>\n\t\t\t\t\t\t<\/div>\n\t\t\t\t<\/div>\n\t\t\t\t<\/div>\n\t\t\t\t<\/div>\n\t\t<div class=\"elementor-element elementor-element-2499855 e-flex e-con-boxed e-con e-parent\" data-id=\"2499855\" data-element_type=\"container\">\n\t\t\t\t\t<div class=\"e-con-inner\">\n\t\t<div class=\"elementor-element elementor-element-31fb207 e-con-full e-flex e-con e-child\" data-id=\"31fb207\" data-element_type=\"container\" data-settings=\"{&quot;background_background&quot;:&quot;classic&quot;}\">\n\t\t\t\t<\/div>\n\t\t<div class=\"elementor-element elementor-element-4bd1e4b e-con-full e-flex e-con e-child\" data-id=\"4bd1e4b\" data-element_type=\"container\">\n\t\t\t\t<div class=\"elementor-element elementor-element-ee713e7 elementor-invisible elementor-widget elementor-widget-heading\" data-id=\"ee713e7\" data-element_type=\"widget\" data-settings=\"{&quot;_animation&quot;:&quot;fadeInUp&quot;,&quot;_animation_delay&quot;:200}\" data-widget_type=\"heading.default\">\n\t\t\t\t<div class=\"elementor-widget-container\">\n\t\t\t\t\t<h2 class=\"elementor-heading-title elementor-size-default\">Os mais diversos EPIs para sua seguran\u00e7a!<\/h2>\t\t\t\t<\/div>\n\t\t\t\t<\/div>\n\t\t\t\t<div class=\"elementor-element elementor-element-e743ef8 elementor-invisible elementor-widget elementor-widget-text-editor\" data-id=\"e743ef8\" data-element_type=\"widget\" data-settings=\"{&quot;_animation&quot;:&quot;fadeInUp&quot;,&quot;_animation_delay&quot;:400}\" data-widget_type=\"text-editor.default\">\n\t\t\t\t<div class=\"elementor-widget-container\">\n\t\t\t\t\t\t\t\t\t<p>Na Igarap\u00e9 EPIs, priorizamos a seguran\u00e7a dos trabalhadores com nossa linha cuidadosamente selecionada de Equipamentos de Prote\u00e7\u00e3o Individual. Trabalhamos com os melhores fornecedores do mercado, garantindo qualidade superior em capacetes, luvas, \u00f3culos de prote\u00e7\u00e3o, cal\u00e7ados de seguran\u00e7a e muito mais. Investimos em inova\u00e7\u00e3o e tecnologia para oferecer solu\u00e7\u00f5es que atendam \u00e0s necessidades espec\u00edficas de cada setor, proporcionando conforto e tranquilidade aos nossos clientes.<\/p>\t\t\t\t\t\t\t\t<\/div>\n\t\t\t\t<\/div>\n\t\t<div class=\"elementor-element elementor-element-8f6e864 e-grid e-con-boxed e-con e-child\" data-id=\"8f6e864\" data-element_type=\"container\">\n\t\t\t\t\t<div class=\"e-con-inner\">\n\t\t\t\t<div class=\"elementor-element elementor-element-f8a2258 elementor-invisible elementor-widget elementor-widget-image\" data-id=\"f8a2258\" data-element_type=\"widget\" data-settings=\"{&quot;_animation&quot;:&quot;fadeInUp&quot;,&quot;_animation_delay&quot;:600}\" data-widget_type=\"image.default\">\n\t\t\t\t<div class=\"elementor-widget-container\">\n\t\t\t\t\t\t\t\t\t\t\t\t\t\t\t<img decoding=\"async\" src=\"https:\/\/igarapeepis.com.br\/site\/wp-content\/uploads\/elementor\/thumbs\/protection_8383700-qnkgu2ec2jvf7r1pbxoc68n32rrr7n00h29ybcgtpw.png\" title=\"protection_8383700\" alt=\"protection_8383700\" loading=\"lazy\" \/>\t\t\t\t\t\t\t\t\t\t\t\t\t\t\t<\/div>\n\t\t\t\t<\/div>\n\t\t\t\t<div class=\"elementor-element elementor-element-86d0217 elementor-invisible elementor-widget elementor-widget-image\" data-id=\"86d0217\" data-element_type=\"widget\" data-settings=\"{&quot;_animation&quot;:&quot;fadeInUp&quot;,&quot;_animation_delay&quot;:800}\" data-widget_type=\"image.default\">\n\t\t\t\t<div class=\"elementor-widget-container\">\n\t\t\t\t\t\t\t\t\t\t\t\t\t\t\t<img decoding=\"async\" src=\"https:\/\/igarapeepis.com.br\/site\/wp-content\/uploads\/elementor\/thumbs\/gloves_2947178-qnkgu1ghvpu4w532hf9plqvmhdwdzxwa4xmgu2i7w4.png\" title=\"gloves_2947178\" alt=\"gloves_2947178\" loading=\"lazy\" \/>\t\t\t\t\t\t\t\t\t\t\t\t\t\t\t<\/div>\n\t\t\t\t<\/div>\n\t\t\t\t<div class=\"elementor-element elementor-element-e240b79 elementor-invisible elementor-widget elementor-widget-image\" data-id=\"e240b79\" data-element_type=\"widget\" data-settings=\"{&quot;_animation&quot;:&quot;fadeInUp&quot;,&quot;_animation_delay&quot;:1000}\" data-widget_type=\"image.default\">\n\t\t\t\t<div class=\"elementor-widget-container\">\n\t\t\t\t\t\t\t\t\t\t\t\t\t\t\t<img decoding=\"async\" src=\"https:\/\/igarapeepis.com.br\/site\/wp-content\/uploads\/elementor\/thumbs\/podcast_11663722-qnkgu0inovsukj4fmwv31945w010s8sjssyzcsjm2c.png\" title=\"podcast_11663722\" alt=\"podcast_11663722\" loading=\"lazy\" \/>\t\t\t\t\t\t\t\t\t\t\t\t\t\t\t<\/div>\n\t\t\t\t<\/div>\n\t\t\t\t\t<\/div>\n\t\t\t\t<\/div>\n\t\t\t\t<\/div>\n\t\t\t\t\t<\/div>\n\t\t\t\t<\/div>\n\t\t\t\t<\/div>\n\t\t","protected":false},"excerpt":{"rendered":"<p>EPIs Home EPIs Os mais diversos EPIs para sua seguran\u00e7a! Na Igarap\u00e9 EPIs, priorizamos a seguran\u00e7a dos trabalhadores com nossa linha cuidadosamente selecionada de Equipamentos de Prote\u00e7\u00e3o Individual. Trabalhamos com os melhores fornecedores do mercado, garantindo qualidade superior em capacetes, luvas, \u00f3culos de prote\u00e7\u00e3o, cal\u00e7ados de seguran\u00e7a e muito mais. Investimos em inova\u00e7\u00e3o e tecnologia [&hellip;]<\/p>\n","protected":false},"author":1,"featured_media":0,"parent":0,"menu_order":0,"comment_status":"closed","ping_status":"closed","template":"elementor_header_footer","meta":{"footnotes":""},"class_list":["post-175","page","type-page","status-publish","hentry"],"_links":{"self":[{"href":"https:\/\/igarapeepis.com.br\/site\/wp-json\/wp\/v2\/pages\/175","targetHints":{"allow":["GET"]}}],"collection":[{"href":"https:\/\/igarapeepis.com.br\/site\/wp-json\/wp\/v2\/pages"}],"about":[{"href":"https:\/\/igarapeepis.com.br\/site\/wp-json\/wp\/v2\/types\/page"}],"author":[{"embeddable":true,"href":"https:\/\/igarapeepis.com.br\/site\/wp-json\/wp\/v2\/users\/1"}],"replies":[{"embeddable":true,"href":"https:\/\/igarapeepis.com.br\/site\/wp-json\/wp\/v2\/comments?post=175"}],"version-history":[{"count":73,"href":"https:\/\/igarapeepis.com.br\/site\/wp-json\/wp\/v2\/pages\/175\/revisions"}],"predecessor-version":[{"id":336,"href":"https:\/\/igarapeepis.com.br\/site\/wp-json\/wp\/v2\/pages\/175\/revisions\/336"}],"wp:attachment":[{"href":"https:\/\/igarapeepis.com.br\/site\/wp-json\/wp\/v2\/media?parent=175"}],"curies":[{"name":"wp","href":"https:\/\/api.w.org\/{rel}","templated":true}]}}